{"id":610,"date":"2020-12-15T17:01:23","date_gmt":"2020-12-15T16:01:23","guid":{"rendered":"http:\/\/astro-bsa.com\/?page_id=610"},"modified":"2021-02-05T20:08:49","modified_gmt":"2021-02-05T19:08:49","slug":"vigie-ciel","status":"publish","type":"page","link":"https:\/\/astro-bsa.com\/index.php\/vigie-ciel\/","title":{"rendered":"VIGIE-CIEL"},"content":{"rendered":"\n<p style=\"font-size:18px\">\u00ab\u00a0BSA est partenaire du programme vigie-ciel.<\/p>\n\n\n\n<p style=\"font-size:18px\">Le programme vigie-ciel est un programme de sciences participatives qui invite a observer les \u00e9toiles filantes, rechercher des m\u00e9t\u00e9orites et des crat\u00e8res d\u2019impact !<\/p>\n\n\n\n<p style=\"font-size:18px\">Il est adoss\u00e9 au programme scientifique fripon qui permet de d\u00e9tecter les bolides qui entrent dans notre atmosph\u00e8re et de retracer leur origine et la zone de chute d\u2019 \u00e9ventuelles m\u00e9t\u00e9orites.<\/p>\n\n\n\n<div class=\"wp-block-image\"><figure class=\"aligncenter size-full\"><img loading=\"lazy\" decoding=\"async\" width=\"597\" height=\"445\" src=\"https:\/\/astro-bsa.com\/wp-content\/uploads\/2020\/12\/Meteoroid_meteor_meteorite.gif\" alt=\"\" class=\"wp-image-911\"\/><figcaption>Par Anynobody \u2014 Own work by uploader Cette infographie a \u00e9t\u00e9 cr\u00e9\u00e9e avec Blender., CC BY-SA 3.0, https:\/\/commons.wikimedia.org\/w\/index.php?curid=7220907<\/figcaption><\/figure><\/div>\n\n\n\n<p style=\"font-size:18px\">Port\u00e9 par le MUS\u00c9UM NATIONAL D\u2019HISTOIRE NATURELLE, Vigie-Ciel associe des chercheurs issus de diff\u00e9rentes institutions scientifiques comme l\u2019Observatoire de Paris, l\u2019Universit\u00e9 de Paris Sud ou encore l\u2019Universit\u00e9 de Grenoble mais aussi Universcience (Cit\u00e9 des sciences, Palais de la D\u00e9couverte), des plan\u00e9tariums, associations d\u2019astronomie et de g\u00e9ologie etc.<br>Il fait partie du projet 65 MILLIONS D\u2019OBSERVATEURS financ\u00e9 dans le cadre du PIA (programme des investissements d\u2019avenir) qui vise \u00e0 d\u00e9velopper des programmes de sciences participatives en mettant \u00e0 disposition de tous des outils qui facilitent et \u00e9tendent la<br>participation.<\/p>\n\n\n\n<p style=\"font-size:18px\">UN PROJET QUI S\u2019ADRESSE \u00c0 TOUS<br>Que vous soyez t\u00eate en l\u2019air ou que vous ayez les pieds sur Terre, peu importe, Vigie-Ciel est accessible \u00e0 tous !<\/p>\n\n\n\n<p style=\"font-size:18px\">Chacun peut contribuer \u00e0 sa fa\u00e7on et aider les scientifiques \u00e0 mieux<br>comprendre notre univers.\u00a0\u00bb<br>Des membres de BSA ont suivi les formations de Vigie-ciel et sont<br>susceptibles d&rsquo;apporter leur expertise pour analyser ou vous faire<br>d\u00e9couvrir le monde passionnant des m\u00e9t\u00e9orites. <\/p>\n\n\n\n<p style=\"font-size:18px\">Contactez-nous pour en savoir plus\u00a0\u00bb.<\/p>\n\n\n\n<p style=\"font-size:18px\"><br>le lien vers Vigie-ciel: <a rel=\"noreferrer noopener\" href=\"https:\/\/www.vigie-ciel.org\/\" target=\"_blank\">https:\/\/www.vigie-ciel.org\/<\/a><\/p>\n","protected":false},"excerpt":{"rendered":"<p>\u00ab\u00a0BSA est partenaire du programme vigie-ciel. Le programme vigie-ciel est un programme de sciences participatives qui invite a observer les \u00e9toiles filantes, rechercher des m\u00e9t\u00e9orites et des crat\u00e8res d\u2019impact ! Il est adoss\u00e9 au programme scientifique fripon qui permet de d\u00e9tecter les bolides qui entrent dans notre atmosph\u00e8re et de retracer leur origine et la zone de chute d\u2019 \u00e9ventuelles m\u00e9t\u00e9orites. Port\u00e9 par le MUS\u00c9UM NATIONAL D\u2019HISTOIRE NATURELLE, Vigie-Ciel associe des chercheurs issus de diff\u00e9rentes institutions scientifiques comme l\u2019Observatoire de&#8230;<\/p>\n<p class=\"read-more\"><a class=\"btn btn-default\" href=\"https:\/\/astro-bsa.com\/index.php\/vigie-ciel\/\">Lire la suite<span class=\"screen-reader-text\"> Lire la suite<\/span><\/a><\/p>\n","protected":false},"author":1,"featured_media":0,"parent":0,"menu_order":0,"comment_status":"closed","ping_status":"closed","template":"","meta":{"_vp_format_video_url":"","_vp_image_focal_point":[],"footnotes":""},"jetpack_sharing_enabled":true,"_links":{"self":[{"href":"https:\/\/astro-bsa.com\/index.php\/wp-json\/wp\/v2\/pages\/610"}],"collection":[{"href":"https:\/\/astro-bsa.com\/index.php\/wp-json\/wp\/v2\/pages"}],"about":[{"href":"https:\/\/astro-bsa.com\/index.php\/wp-json\/wp\/v2\/types\/page"}],"author":[{"embeddable":true,"href":"https:\/\/astro-bsa.com\/index.php\/wp-json\/wp\/v2\/users\/1"}],"replies":[{"embeddable":true,"href":"https:\/\/astro-bsa.com\/index.php\/wp-json\/wp\/v2\/comments?post=610"}],"version-history":[{"count":13,"href":"https:\/\/astro-bsa.com\/index.php\/wp-json\/wp\/v2\/pages\/610\/revisions"}],"predecessor-version":[{"id":1434,"href":"https:\/\/astro-bsa.com\/index.php\/wp-json\/wp\/v2\/pages\/610\/revisions\/1434"}],"wp:attachment":[{"href":"https:\/\/astro-bsa.com\/index.php\/wp-json\/wp\/v2\/media?parent=610"}],"curies":[{"name":"wp","href":"https:\/\/api.w.org\/{rel}","templated":true}]}}