{"id":32,"date":"2020-11-17T21:22:41","date_gmt":"2020-11-17T20:22:41","guid":{"rendered":"http:\/\/astro-bsa.com\/?page_id=32"},"modified":"2021-01-20T22:22:29","modified_gmt":"2021-01-20T21:22:29","slug":"presentation","status":"publish","type":"page","link":"https:\/\/astro-bsa.com\/index.php\/presentation\/","title":{"rendered":"PR\u00c9SENTATION"},"content":{"rendered":"\n<p style=\"font-size:24px\"><strong>A propos de BSA<\/strong><\/p>\n\n\n\n<div class=\"wp-block-group\"><div class=\"wp-block-group__inner-container is-layout-flow wp-block-group-is-layout-flow\">\n<p>Blois Sologne Astronomie a \u00e9t\u00e9 cr\u00e9\u00e9e en 1997.<\/p>\n\n\n\n<p>Cette association loi 1901 regroupe de nombreux observateurs et passionn\u00e9s du ciel nocturne.<\/p>\n\n\n\n<div class=\"wp-block-jetpack-tiled-gallery aligncenter is-style-rectangular\"><div class=\"tiled-gallery__gallery\"><div class=\"tiled-gallery__row\"><div class=\"tiled-gallery__col\" style=\"flex-basis:63.94865023474179%\"><figure class=\"tiled-gallery__item\"><img decoding=\"async\" srcset=\"https:\/\/i2.wp.com\/astro-bsa.com\/wp-content\/uploads\/2021\/01\/soiree-pedagogique.jpg?strip=info&#038;w=600 600w,https:\/\/i2.wp.com\/astro-bsa.com\/wp-content\/uploads\/2021\/01\/soiree-pedagogique.jpg?strip=info&#038;w=900 900w,https:\/\/i2.wp.com\/astro-bsa.com\/wp-content\/uploads\/2021\/01\/soiree-pedagogique.jpg?strip=info&#038;w=1200 1200w,https:\/\/i2.wp.com\/astro-bsa.com\/wp-content\/uploads\/2021\/01\/soiree-pedagogique.jpg?strip=info&#038;w=1500 1500w,https:\/\/i2.wp.com\/astro-bsa.com\/wp-content\/uploads\/2021\/01\/soiree-pedagogique.jpg?strip=info&#038;w=1800 1800w,https:\/\/i2.wp.com\/astro-bsa.com\/wp-content\/uploads\/2021\/01\/soiree-pedagogique.jpg?strip=info&#038;w=2000 2000w\" alt=\"\" data-height=\"1536\" data-id=\"1075\" data-link=\"https:\/\/astro-bsa.com\/index.php\/presentation\/soiree-pedagogique\/\" data-url=\"https:\/\/astro-bsa.com\/wp-content\/uploads\/2021\/01\/soiree-pedagogique.jpg\" data-width=\"2048\" src=\"https:\/\/i2.wp.com\/astro-bsa.com\/wp-content\/uploads\/2021\/01\/soiree-pedagogique.jpg\" layout=\"responsive\"\/><\/figure><\/div><div class=\"tiled-gallery__col\" style=\"flex-basis:36.05134976525821%\"><figure class=\"tiled-gallery__item\"><img decoding=\"async\" srcset=\"https:\/\/i2.wp.com\/astro-bsa.com\/wp-content\/uploads\/2021\/01\/85092362_2874847255904571_4397668210384568320_n.jpg?strip=info&#038;w=600 600w,https:\/\/i2.wp.com\/astro-bsa.com\/wp-content\/uploads\/2021\/01\/85092362_2874847255904571_4397668210384568320_n.jpg?strip=info&#038;w=720 720w\" alt=\"\" data-height=\"960\" data-id=\"1074\" data-link=\"https:\/\/astro-bsa.com\/index.php\/presentation\/85092362_2874847255904571_4397668210384568320_n\/\" data-url=\"https:\/\/astro-bsa.com\/wp-content\/uploads\/2021\/01\/85092362_2874847255904571_4397668210384568320_n.jpg\" data-width=\"720\" src=\"https:\/\/i2.wp.com\/astro-bsa.com\/wp-content\/uploads\/2021\/01\/85092362_2874847255904571_4397668210384568320_n.jpg\" layout=\"responsive\"\/><\/figure><\/div><\/div><\/div><\/div>\n\n\n\n<p>Notre Association est tr\u00e8s dynamique et propose de multiples activit\u00e9s telles que :<\/p>\n\n\n\n<p>\u2013 des soir\u00e9es d\u2019observations fixes sur le site de notre observatoire \u00e0 Fontaines-en-Sologne : nous organisons des soir\u00e9es sp\u00e9cifiques pour les membres de notre association mais \u00e9galement un grand nombre de soir\u00e9es ouvertes au public<\/p>\n\n\n\n<p><a href=\"https:\/\/astro-bsa.com\/index.php\/soiree-d-observation-membres-bsa\/\">-lien pour soir\u00e9e d\u2019 observations membres BSA<\/a><\/p>\n\n\n\n<p>\u2013<a href=\"http:\/\/bsa.gbonamy.com\/wordpress\/soiree-d-observations-publiques\/\">l<\/a><a href=\"https:\/\/astro-bsa.com\/\">ien pour soir\u00e9e d\u2019 observations publiques<\/a><\/p>\n\n\n\n<p>\u2013 des observations de ph\u00e9nom\u00e8nes ponctuels (\u00e9clipses de Lune, de Soleil, Com\u00e8tes, pluie d\u2019\u00e9toiles filantes,\u2026)<\/p>\n\n\n\n<p>\u2013 chaque \u00e9t\u00e9, nous organisons localement les \u00ab&nbsp;Nuits des \u00c9toiles&nbsp;\u00bb (avec le soutien logistique et mat\u00e9riel de la ville de Fontaines-en-Sologne).<\/p>\n\n\n\n<div class=\"wp-block-jetpack-tiled-gallery aligncenter is-style-rectangular has-rounded-corners-10\"><div class=\"tiled-gallery__gallery\"><div class=\"tiled-gallery__row\"><div class=\"tiled-gallery__col\" style=\"flex-basis:63.81274790209683%\"><figure class=\"tiled-gallery__item\"><img decoding=\"async\" srcset=\"https:\/\/i0.wp.com\/astro-bsa.com\/wp-content\/uploads\/2020\/11\/cropped-NGC7635-LRVB21.jpg?strip=info&#038;w=600 600w,https:\/\/i0.wp.com\/astro-bsa.com\/wp-content\/uploads\/2020\/11\/cropped-NGC7635-LRVB21.jpg?strip=info&#038;w=900 900w,https:\/\/i0.wp.com\/astro-bsa.com\/wp-content\/uploads\/2020\/11\/cropped-NGC7635-LRVB21.jpg?strip=info&#038;w=1200 1200w,https:\/\/i0.wp.com\/astro-bsa.com\/wp-content\/uploads\/2020\/11\/cropped-NGC7635-LRVB21.jpg?strip=info&#038;w=1260 1260w\" alt=\"\" data-height=\"1023\" data-id=\"681\" data-link=\"https:\/\/astro-bsa.com\/cropped-ngc7635-lrvb21-jpg\/\" data-url=\"https:\/\/astro-bsa.com\/wp-content\/uploads\/2020\/11\/cropped-NGC7635-LRVB21.jpg\" data-width=\"1260\" src=\"https:\/\/i0.wp.com\/astro-bsa.com\/wp-content\/uploads\/2020\/11\/cropped-NGC7635-LRVB21.jpg\" layout=\"responsive\"\/><\/figure><\/div><div class=\"tiled-gallery__col\" style=\"flex-basis:36.18725209790317%\"><figure class=\"tiled-gallery__item\"><img decoding=\"async\" srcset=\"https:\/\/i2.wp.com\/astro-bsa.com\/wp-content\/uploads\/2020\/11\/M101-LRVB-Richardson-BIS.jpg?strip=info&#038;w=600 600w,https:\/\/i2.wp.com\/astro-bsa.com\/wp-content\/uploads\/2020\/11\/M101-LRVB-Richardson-BIS.jpg?strip=info&#038;w=900 900w,https:\/\/i2.wp.com\/astro-bsa.com\/wp-content\/uploads\/2020\/11\/M101-LRVB-Richardson-BIS.jpg?strip=info&#038;w=1200 1200w,https:\/\/i2.wp.com\/astro-bsa.com\/wp-content\/uploads\/2020\/11\/M101-LRVB-Richardson-BIS.jpg?strip=info&#038;w=1285 1285w\" alt=\"\" data-height=\"1022\" data-id=\"172\" data-link=\"https:\/\/astro-bsa.com\/index.php\/galaxie\/m101-lrvb-richardson-bis\/\" data-url=\"https:\/\/astro-bsa.com\/wp-content\/uploads\/2020\/11\/M101-LRVB-Richardson-BIS.jpg\" data-width=\"1285\" src=\"https:\/\/i2.wp.com\/astro-bsa.com\/wp-content\/uploads\/2020\/11\/M101-LRVB-Richardson-BIS.jpg\" layout=\"responsive\"\/><\/figure><figure class=\"tiled-gallery__item\"><img decoding=\"async\" srcset=\"https:\/\/i1.wp.com\/astro-bsa.com\/wp-content\/uploads\/2020\/12\/M8-10x3mn-FSQ106-EOS500D-scaled.jpg?strip=info&#038;w=600 600w,https:\/\/i1.wp.com\/astro-bsa.com\/wp-content\/uploads\/2020\/12\/M8-10x3mn-FSQ106-EOS500D-scaled.jpg?strip=info&#038;w=900 900w,https:\/\/i1.wp.com\/astro-bsa.com\/wp-content\/uploads\/2020\/12\/M8-10x3mn-FSQ106-EOS500D-scaled.jpg?strip=info&#038;w=1200 1200w,https:\/\/i1.wp.com\/astro-bsa.com\/wp-content\/uploads\/2020\/12\/M8-10x3mn-FSQ106-EOS500D-scaled.jpg?strip=info&#038;w=1500 1500w,https:\/\/i1.wp.com\/astro-bsa.com\/wp-content\/uploads\/2020\/12\/M8-10x3mn-FSQ106-EOS500D-scaled.jpg?strip=info&#038;w=1800 1800w,https:\/\/i1.wp.com\/astro-bsa.com\/wp-content\/uploads\/2020\/12\/M8-10x3mn-FSQ106-EOS500D-scaled.jpg?strip=info&#038;w=2000 2000w\" alt=\"\" data-height=\"1600\" data-id=\"935\" data-link=\"https:\/\/astro-bsa.com\/index.php\/nebuleuse\/m8-10x3mn-fsq106-eos500d\/\" data-url=\"https:\/\/astro-bsa.com\/wp-content\/uploads\/2020\/12\/M8-10x3mn-FSQ106-EOS500D-scaled.jpg\" data-width=\"2560\" src=\"https:\/\/i1.wp.com\/astro-bsa.com\/wp-content\/uploads\/2020\/12\/M8-10x3mn-FSQ106-EOS500D-scaled.jpg\" layout=\"responsive\"\/><\/figure><\/div><\/div><div class=\"tiled-gallery__row\"><div class=\"tiled-gallery__col\" style=\"flex-basis:100%\"><figure class=\"tiled-gallery__item\"><img decoding=\"async\" srcset=\"https:\/\/i2.wp.com\/astro-bsa.com\/wp-content\/uploads\/2021\/01\/Voie-lactee-chailles-12-2020-scaled.jpg?strip=info&#038;w=600 600w,https:\/\/i2.wp.com\/astro-bsa.com\/wp-content\/uploads\/2021\/01\/Voie-lactee-chailles-12-2020-scaled.jpg?strip=info&#038;w=900 900w,https:\/\/i2.wp.com\/astro-bsa.com\/wp-content\/uploads\/2021\/01\/Voie-lactee-chailles-12-2020-scaled.jpg?strip=info&#038;w=1200 1200w,https:\/\/i2.wp.com\/astro-bsa.com\/wp-content\/uploads\/2021\/01\/Voie-lactee-chailles-12-2020-scaled.jpg?strip=info&#038;w=1500 1500w,https:\/\/i2.wp.com\/astro-bsa.com\/wp-content\/uploads\/2021\/01\/Voie-lactee-chailles-12-2020-scaled.jpg?strip=info&#038;w=1800 1800w,https:\/\/i2.wp.com\/astro-bsa.com\/wp-content\/uploads\/2021\/01\/Voie-lactee-chailles-12-2020-scaled.jpg?strip=info&#038;w=2000 2000w\" alt=\"\" data-height=\"1439\" data-id=\"1048\" data-link=\"https:\/\/astro-bsa.com\/index.php\/voie-lactee\/voie-lactee-chailles-12-2020\/\" data-url=\"https:\/\/astro-bsa.com\/wp-content\/uploads\/2021\/01\/Voie-lactee-chailles-12-2020-scaled.jpg\" data-width=\"2560\" src=\"https:\/\/i2.wp.com\/astro-bsa.com\/wp-content\/uploads\/2021\/01\/Voie-lactee-chailles-12-2020-scaled.jpg\" layout=\"responsive\"\/><\/figure><\/div><\/div><\/div><\/div>\n\n\n\n<p>\u2013 chaque mois d\u2019Octobre nous participons activement \u00e0 la semaine de la science en partenariat avec Centre Sciences, structure bas\u00e9e \u00e0 Orl\u00e9ans<\/p>\n\n\n\n<p>\u2013 et enfin\u2026. avec le soutien de la Communaut\u00e9 de Communes du Pays de Chambord, le Pays des Ch\u00e2teaux et le Conseil G\u00e9n\u00e9ral de Loir et Cher, nous avons r\u00e9alis\u00e9 l\u2019implantation de notre observatoire : l\u2019Observatoire Astronomique de Fontaines-en-Sologne ! <a href=\"https:\/\/astro-bsa.com\/index.php\/l-observatoire-de-fontaines-en-sologne\/\">Pour en savoir plus cliquez ici<\/a><\/p>\n\n\n\n<div class=\"wp-block-image\"><figure class=\"aligncenter size-large\"><img loading=\"lazy\" decoding=\"async\" width=\"2048\" height=\"1364\" src=\"https:\/\/astro-bsa.com\/wp-content\/uploads\/2021\/01\/observation-aux-instruments-vue-densemble-4-2048x1364.jpg\" alt=\"\" class=\"wp-image-1364\" srcset=\"https:\/\/astro-bsa.com\/wp-content\/uploads\/2021\/01\/observation-aux-instruments-vue-densemble-4-2048x1364.jpg 2048w, https:\/\/astro-bsa.com\/wp-content\/uploads\/2021\/01\/observation-aux-instruments-vue-densemble-4-300x200.jpg 300w, https:\/\/astro-bsa.com\/wp-content\/uploads\/2021\/01\/observation-aux-instruments-vue-densemble-4-768x511.jpg 768w, https:\/\/astro-bsa.com\/wp-content\/uploads\/2021\/01\/observation-aux-instruments-vue-densemble-4-500x333.jpg 500w, https:\/\/astro-bsa.com\/wp-content\/uploads\/2021\/01\/observation-aux-instruments-vue-densemble-4-800x533.jpg 800w, https:\/\/astro-bsa.com\/wp-content\/uploads\/2021\/01\/observation-aux-instruments-vue-densemble-4-1280x852.jpg 1280w, https:\/\/astro-bsa.com\/wp-content\/uploads\/2021\/01\/observation-aux-instruments-vue-densemble-4-1920x1279.jpg 1920w, https:\/\/astro-bsa.com\/wp-content\/uploads\/2021\/01\/observation-aux-instruments-vue-densemble-4-1536x1023.jpg 1536w, https:\/\/astro-bsa.com\/wp-content\/uploads\/2021\/01\/observation-aux-instruments-vue-densemble-4-405x270.jpg 405w\" sizes=\"(max-width: 2048px) 100vw, 2048px\" \/><\/figure><\/div>\n<\/div><\/div>\n\n\n\n<p><\/p>\n","protected":false},"excerpt":{"rendered":"<p>A propos de BSA Blois Sologne Astronomie a \u00e9t\u00e9 cr\u00e9\u00e9e en 1997. Cette association loi 1901 regroupe de nombreux observateurs et passionn\u00e9s du ciel nocturne. Notre Association est tr\u00e8s dynamique et propose de multiples activit\u00e9s telles que : \u2013 des soir\u00e9es d\u2019observations fixes sur le site de notre observatoire \u00e0 Fontaines-en-Sologne : nous organisons des soir\u00e9es sp\u00e9cifiques pour les membres de notre association mais \u00e9galement un grand nombre de soir\u00e9es ouvertes au public -lien pour soir\u00e9e d\u2019 observations membres BSA&#8230;<\/p>\n<p class=\"read-more\"><a class=\"btn btn-default\" href=\"https:\/\/astro-bsa.com\/index.php\/presentation\/\">Lire la suite<span class=\"screen-reader-text\"> Lire la suite<\/span><\/a><\/p>\n","protected":false},"author":1,"featured_media":0,"parent":0,"menu_order":0,"comment_status":"closed","ping_status":"closed","template":"","meta":{"_vp_format_video_url":"","_vp_image_focal_point":[],"footnotes":""},"jetpack_sharing_enabled":true,"_links":{"self":[{"href":"https:\/\/astro-bsa.com\/index.php\/wp-json\/wp\/v2\/pages\/32"}],"collection":[{"href":"https:\/\/astro-bsa.com\/index.php\/wp-json\/wp\/v2\/pages"}],"about":[{"href":"https:\/\/astro-bsa.com\/index.php\/wp-json\/wp\/v2\/types\/page"}],"author":[{"embeddable":true,"href":"https:\/\/astro-bsa.com\/index.php\/wp-json\/wp\/v2\/users\/1"}],"replies":[{"embeddable":true,"href":"https:\/\/astro-bsa.com\/index.php\/wp-json\/wp\/v2\/comments?post=32"}],"version-history":[{"count":9,"href":"https:\/\/astro-bsa.com\/index.php\/wp-json\/wp\/v2\/pages\/32\/revisions"}],"predecessor-version":[{"id":1365,"href":"https:\/\/astro-bsa.com\/index.php\/wp-json\/wp\/v2\/pages\/32\/revisions\/1365"}],"wp:attachment":[{"href":"https:\/\/astro-bsa.com\/index.php\/wp-json\/wp\/v2\/media?parent=32"}],"curies":[{"name":"wp","href":"https:\/\/api.w.org\/{rel}","templated":true}]}}