{"id":17,"date":"2020-11-17T20:23:49","date_gmt":"2020-11-17T19:23:49","guid":{"rendered":"http:\/\/astro-bsa.com\/?page_id=17"},"modified":"2024-02-24T11:44:36","modified_gmt":"2024-02-24T10:44:36","slug":"planetarium","status":"publish","type":"page","link":"https:\/\/astro-bsa.com\/index.php\/planetarium\/","title":{"rendered":"PLAN\u00c9TARIUM"},"content":{"rendered":"\n<p style=\"font-size:18px\">\u00c9quip\u00e9e d&rsquo;un plan\u00e9tarium mobile, BLOIS SOLOGNE ASTRONOMIE vous propose des animations \u00ab cl\u00e9 en main \u00bb, \u00e0 savoir, installation du mat\u00e9riel et s\u00e9ances de projection \u00e0 Fontaines-en-Sologne ou sur votre site. Le plan\u00e9tarium d&rsquo;un diam\u00e8tre de 6 m\u00e8tres peut accueillir jusqu&rsquo;\u00e0 20 personnes, selon \u00e2ge et taille. La hauteur minimum sous plafond doit \u00eatre de 2,9 m\u00e8tres. Il permet de projeter l&rsquo;ensemble des constellations du ciel bor\u00e9al, mais aussi austral, ainsi que toutes les plan\u00e8tes visibles \u00e0 une p\u00e9riode donn\u00e9e. Tr\u00e8s grand r\u00e9alisme et immersion dans la nuit pour le plus grand plaisir des petits et des grands. Vous d\u00e9couvrirez les \u00e9toiles et la Voie Lact\u00e9e, cheminerez parmi les constellations et leurs l\u00e9gendes\u2026 S\u00e9ances en journ\u00e9e ou le soir.<\/p>\n\n\n\n<p style=\"font-size:18px\">Renseignements et r\u00e9servation au t\u00e9l\u00e9phone de Blois Sologne Astronomie : <span class=\"has-inline-color has-vivid-red-color\">02.54.46.83.39<\/span> (laissez vos coordonn\u00e9es) ou par mail (<strong><a rel=\"noreferrer noopener\" href=\"mailto:blois-sologne-astronomie41@laposte.net\" data-type=\"mailto\" data-id=\"mailto:blois-sologne-astronomie41@laposte.net\" target=\"_blank\"><span class=\"has-inline-color has-vivid-red-color\">blois-sologne-astronomie41@laposte.net<\/span><\/a><\/strong>) ou via <strong><a href=\"https:\/\/fr-fr.facebook.com\/BloisSologneAstronomie\/\"><span class=\"has-inline-color has-vivid-red-color\">notre page facebook<code><span class=\"has-inline-color has-vivid-red-color\"><\/span><\/code><\/span><\/a><\/strong><\/p>\n\n\n\n<p style=\"font-size:18px\">Tarifs : nous consulter<\/p>\n\n\n\n<p style=\"font-size:18px\">Mat\u00e9riel et animation incluse <\/p>\n\n\n\n<div class=\"wp-block-jetpack-tiled-gallery aligncenter is-style-rectangular\"><div class=\"tiled-gallery__gallery\"><div class=\"tiled-gallery__row\"><div class=\"tiled-gallery__col\" style=\"flex-basis:39.66054%\"><figure class=\"tiled-gallery__item\"><img decoding=\"async\" srcset=\"https:\/\/i1.wp.com\/astro-bsa.com\/wp-content\/uploads\/2024\/02\/planetarium05-1.jpg?strip=info&#038;w=600&#038;ssl=1 600w,https:\/\/i1.wp.com\/astro-bsa.com\/wp-content\/uploads\/2024\/02\/planetarium05-1.jpg?strip=info&#038;w=900&#038;ssl=1 900w,https:\/\/i1.wp.com\/astro-bsa.com\/wp-content\/uploads\/2024\/02\/planetarium05-1.jpg?strip=info&#038;w=1000&#038;ssl=1 1000w\" alt=\"\" data-height=\"697\" data-id=\"1686\" data-link=\"https:\/\/astro-bsa.com\/index.php\/planetarium\/planetarium05-1\/\" data-url=\"https:\/\/astro-bsa.com\/wp-content\/uploads\/2024\/02\/planetarium05-1.jpg\" data-width=\"1000\" src=\"https:\/\/i1.wp.com\/astro-bsa.com\/wp-content\/uploads\/2024\/02\/planetarium05-1.jpg?ssl=1\" data-amp-layout=\"responsive\"\/><\/figure><\/div><div class=\"tiled-gallery__col\" style=\"flex-basis:15.61635%\"><figure class=\"tiled-gallery__item\"><img decoding=\"async\" srcset=\"https:\/\/i1.wp.com\/astro-bsa.com\/wp-content\/uploads\/2024\/02\/planetarium02.jpg?strip=info&#038;w=600&#038;ssl=1 600w,https:\/\/i1.wp.com\/astro-bsa.com\/wp-content\/uploads\/2024\/02\/planetarium02.jpg?strip=info&#038;w=900&#038;ssl=1 900w\" alt=\"\" data-height=\"1600\" data-id=\"1674\" data-link=\"https:\/\/astro-bsa.com\/index.php\/planetarium\/planetarium02\/\" data-url=\"https:\/\/astro-bsa.com\/wp-content\/uploads\/2024\/02\/planetarium02.jpg\" data-width=\"900\" src=\"https:\/\/i1.wp.com\/astro-bsa.com\/wp-content\/uploads\/2024\/02\/planetarium02.jpg?ssl=1\" data-amp-layout=\"responsive\"\/><\/figure><\/div><div class=\"tiled-gallery__col\" style=\"flex-basis:15.61635%\"><figure class=\"tiled-gallery__item\"><img decoding=\"async\" srcset=\"https:\/\/i0.wp.com\/astro-bsa.com\/wp-content\/uploads\/2024\/02\/planetarium03.jpg?strip=info&#038;w=600&#038;ssl=1 600w,https:\/\/i0.wp.com\/astro-bsa.com\/wp-content\/uploads\/2024\/02\/planetarium03.jpg?strip=info&#038;w=900&#038;ssl=1 900w\" alt=\"\" data-height=\"1600\" data-id=\"1675\" data-link=\"https:\/\/astro-bsa.com\/index.php\/planetarium\/planetarium03\/\" data-url=\"https:\/\/astro-bsa.com\/wp-content\/uploads\/2024\/02\/planetarium03.jpg\" data-width=\"900\" src=\"https:\/\/i0.wp.com\/astro-bsa.com\/wp-content\/uploads\/2024\/02\/planetarium03.jpg?ssl=1\" data-amp-layout=\"responsive\"\/><\/figure><\/div><div class=\"tiled-gallery__col\" style=\"flex-basis:29.10677%\"><figure class=\"tiled-gallery__item\"><img decoding=\"async\" srcset=\"https:\/\/i1.wp.com\/astro-bsa.com\/wp-content\/uploads\/2024\/02\/planetarium04.jpg?strip=info&#038;w=600&#038;ssl=1 600w,https:\/\/i1.wp.com\/astro-bsa.com\/wp-content\/uploads\/2024\/02\/planetarium04.jpg?strip=info&#038;w=900&#038;ssl=1 900w,https:\/\/i1.wp.com\/astro-bsa.com\/wp-content\/uploads\/2024\/02\/planetarium04.jpg?strip=info&#038;w=1200&#038;ssl=1 1200w,https:\/\/i1.wp.com\/astro-bsa.com\/wp-content\/uploads\/2024\/02\/planetarium04.jpg?strip=info&#038;w=1500&#038;ssl=1 1500w,https:\/\/i1.wp.com\/astro-bsa.com\/wp-content\/uploads\/2024\/02\/planetarium04.jpg?strip=info&#038;w=1800&#038;ssl=1 1800w,https:\/\/i1.wp.com\/astro-bsa.com\/wp-content\/uploads\/2024\/02\/planetarium04.jpg?strip=info&#038;w=2000&#038;ssl=1 2000w\" alt=\"\" data-height=\"1947\" data-id=\"1676\" data-link=\"https:\/\/astro-bsa.com\/index.php\/planetarium\/planetarium04\/\" data-url=\"https:\/\/astro-bsa.com\/wp-content\/uploads\/2024\/02\/planetarium04.jpg\" data-width=\"2048\" src=\"https:\/\/i1.wp.com\/astro-bsa.com\/wp-content\/uploads\/2024\/02\/planetarium04.jpg?ssl=1\" data-amp-layout=\"responsive\"\/><\/figure><\/div><\/div><\/div><\/div>\n","protected":false},"excerpt":{"rendered":"<p>\u00c9quip\u00e9e d&rsquo;un plan\u00e9tarium mobile, BLOIS SOLOGNE ASTRONOMIE vous propose des animations \u00ab cl\u00e9 en main \u00bb, \u00e0 savoir, installation du mat\u00e9riel et s\u00e9ances de projection \u00e0 Fontaines-en-Sologne ou sur votre site. Le plan\u00e9tarium d&rsquo;un diam\u00e8tre de 6 m\u00e8tres peut accueillir jusqu&rsquo;\u00e0 20 personnes, selon \u00e2ge et taille. La hauteur minimum sous plafond doit \u00eatre de 2,9 m\u00e8tres. Il permet de projeter l&rsquo;ensemble des constellations du ciel bor\u00e9al, mais aussi austral, ainsi que toutes les plan\u00e8tes visibles \u00e0 une p\u00e9riode donn\u00e9e&#8230;.<\/p>\n<p class=\"read-more\"><a class=\"btn btn-default\" href=\"https:\/\/astro-bsa.com\/index.php\/planetarium\/\">Lire la suite<span class=\"screen-reader-text\"> Lire la suite<\/span><\/a><\/p>\n","protected":false},"author":1,"featured_media":0,"parent":0,"menu_order":0,"comment_status":"closed","ping_status":"closed","template":"","meta":{"_vp_format_video_url":"","_vp_image_focal_point":[],"footnotes":""},"jetpack_sharing_enabled":true,"_links":{"self":[{"href":"https:\/\/astro-bsa.com\/index.php\/wp-json\/wp\/v2\/pages\/17"}],"collection":[{"href":"https:\/\/astro-bsa.com\/index.php\/wp-json\/wp\/v2\/pages"}],"about":[{"href":"https:\/\/astro-bsa.com\/index.php\/wp-json\/wp\/v2\/types\/page"}],"author":[{"embeddable":true,"href":"https:\/\/astro-bsa.com\/index.php\/wp-json\/wp\/v2\/users\/1"}],"replies":[{"embeddable":true,"href":"https:\/\/astro-bsa.com\/index.php\/wp-json\/wp\/v2\/comments?post=17"}],"version-history":[{"count":30,"href":"https:\/\/astro-bsa.com\/index.php\/wp-json\/wp\/v2\/pages\/17\/revisions"}],"predecessor-version":[{"id":1688,"href":"https:\/\/astro-bsa.com\/index.php\/wp-json\/wp\/v2\/pages\/17\/revisions\/1688"}],"wp:attachment":[{"href":"https:\/\/astro-bsa.com\/index.php\/wp-json\/wp\/v2\/media?parent=17"}],"curies":[{"name":"wp","href":"https:\/\/api.w.org\/{rel}","templated":true}]}}